{"version":"1.0","provider_name":"III Liceum Og\u00f3lnokszta\u0142c\u0105ce im. Miko\u0142aja Kopernika","provider_url":"https:\/\/www.3lo.walbrzych.pl\/wordpress","author_name":"Tomasz Smejlis","author_url":"https:\/\/www.3lo.walbrzych.pl\/wordpress\/author\/tfox\/","title":"Czysty Zielony Wa\u0142brzych - III Liceum Og\u00f3lnokszta\u0142c\u0105ce im. Miko\u0142aja Kopernika","type":"rich","width":600,"height":338,"html":"<blockquote class=\"wp-embedded-content\" data-secret=\"p4mSlQxOZ6\"><a href=\"https:\/\/www.3lo.walbrzych.pl\/wordpress\/czysty-zielony-walbrzych\/\">Czysty Zielony Wa\u0142brzych<\/a><\/blockquote><iframe sandbox=\"allow-scripts\" security=\"restricted\" src=\"https:\/\/www.3lo.walbrzych.pl\/wordpress\/czysty-zielony-walbrzych\/embed\/#?secret=p4mSlQxOZ6\" width=\"600\" height=\"338\" title=\"&#8222;Czysty Zielony Wa\u0142brzych&#8221; &#8212; III Liceum Og\u00f3lnokszta\u0142c\u0105ce im. Miko\u0142aja Kopernika\" data-secret=\"p4mSlQxOZ6\" frameborder=\"0\" marginwidth=\"0\" marginheight=\"0\" scrolling=\"no\" class=\"wp-embedded-content\"><\/iframe><script>\n\/*! This file is auto-generated *\/\n!function(d,l){\"use strict\";l.querySelector&&d.addEventListener&&\"undefined\"!=typeof URL&&(d.wp=d.wp||{},d.wp.receiveEmbedMessage||(d.wp.receiveEmbedMessage=function(e){var t=e.data;if((t||t.secret||t.message||t.value)&&!\/[^a-zA-Z0-9]\/.test(t.secret)){for(var s,r,n,a=l.querySelectorAll('iframe[data-secret=\"'+t.secret+'\"]'),o=l.querySelectorAll('blockquote[data-secret=\"'+t.secret+'\"]'),c=new RegExp(\"^https?:$\",\"i\"),i=0;i<o.length;i++)o[i].style.display=\"none\";for(i=0;i<a.length;i++)s=a[i],e.source===s.contentWindow&&(s.removeAttribute(\"style\"),\"height\"===t.message?(1e3<(r=parseInt(t.value,10))?r=1e3:~~r<200&&(r=200),s.height=r):\"link\"===t.message&&(r=new URL(s.getAttribute(\"src\")),n=new URL(t.value),c.test(n.protocol))&&n.host===r.host&&l.activeElement===s&&(d.top.location.href=t.value))}},d.addEventListener(\"message\",d.wp.receiveEmbedMessage,!1),l.addEventListener(\"DOMContentLoaded\",function(){for(var e,t,s=l.querySelectorAll(\"iframe.wp-embedded-content\"),r=0;r<s.length;r++)(t=(e=s[r]).getAttribute(\"data-secret\"))||(t=Math.random().toString(36).substring(2,12),e.src+=\"#?secret=\"+t,e.setAttribute(\"data-secret\",t)),e.contentWindow.postMessage({message:\"ready\",secret:t},\"*\")},!1)))}(window,document);\n\/\/# sourceURL=https:\/\/www.3lo.walbrzych.pl\/wordpress\/wp-includes\/js\/wp-embed.min.js\n<\/script>\n","thumbnail_url":"https:\/\/www.3lo.walbrzych.pl\/wordpress\/wp-content\/uploads\/2023\/08\/FB_IMG_1661683499052.jpg","thumbnail_width":720,"thumbnail_height":418,"description":"Jak co roku, w sobot\u0119 pracownicy,&nbsp; uczniowie i ich rodzice oraz&nbsp; mieszka\u0144cy dzielnicy przy\u0142\u0105czyli si\u0119 do akcji maj\u0105cej na celu zadbanie o czysto\u015b\u0107 w pobli\u017cu szko\u0142y i na swojej dzielnicy. Udzia\u0142 w akcji poprzedzi\u0142a prelekcja&nbsp; i warsztaty w ekopracowni zwi\u0105zane z prawid\u0142ow\u0105 segregacj\u0105 \u015bmieci. Powy\u017csze dzia\u0142anie zwi\u0105zane jest z realizacj\u0105&nbsp;&nbsp;zada\u0144 wynikaj\u0105cych z programu \u201eEkopracownia \u2013 [&hellip;]"}

III Liceum Ogólnokształcące im. Mikołaja Kopernika

Czysty Zielony Wałbrzych - III Liceum Ogólnokształcące im. Mikołaja Kopernika

<blockquote class="wp-embedded-content" data-secret="p4mSlQxOZ6"><a href="https://www.3lo.walbrzych.pl/wordpress/czysty-zielony-walbrzych/">Czysty Zielony Wałbrzych</a></blockquote><iframe sandbox="allow-scripts" security="restricted" src="https://www.3lo.walbrzych.pl/wordpress/czysty-zielony-walbrzych/embed/#?secret=p4mSlQxOZ6" width="600" height="338" title="&#8222;Czysty Zielony Wałbrzych&#8221; &#8212; III Liceum Ogólnokształcące im. Mikołaja Kopernika" data-secret="p4mSlQxOZ6" frameborder="0" marginwidth="0" marginheight="0" scrolling="no" class="wp-embedded-content"></iframe><script>
/*! This file is auto-generated */
!function(d,l){"use strict";l.querySelector&&d.addEventListener&&"undefined"!=typeof URL&&(d.wp=d.wp||{},d.wp.receiveEmbedMessage||(d.wp.receiveEmbedMessage=function(e){var t=e.data;if((t||t.secret||t.message||t.value)&&!/[^a-zA-Z0-9]/.test(t.secret)){for(var s,r,n,a=l.querySelectorAll('iframe[data-secret="'+t.secret+'"]'),o=l.querySelectorAll('blockquote[data-secret="'+t.secret+'"]'),c=new RegExp("^https?:$","i"),i=0;i<o.length;i++)o[i].style.display="none";for(i=0;i<a.length;i++)s=a[i],e.source===s.contentWindow&&(s.removeAttribute("style"),"height"===t.message?(1e3<(r=parseInt(t.value,10))?r=1e3:~~r<200&&(r=200),s.height=r):"link"===t.message&&(r=new URL(s.getAttribute("src")),n=new URL(t.value),c.test(n.protocol))&&n.host===r.host&&l.activeElement===s&&(d.top.location.href=t.value))}},d.addEventListener("message",d.wp.receiveEmbedMessage,!1),l.addEventListener("DOMContentLoaded",function(){for(var e,t,s=l.querySelectorAll("iframe.wp-embedded-content"),r=0;r<s.length;r++)(t=(e=s[r]).getAttribute("data-secret"))||(t=Math.random().toString(36).substring(2,12),e.src+="#?secret="+t,e.setAttribute("data-secret",t)),e.contentWindow.postMessage({message:"ready",secret:t},"*")},!1)))}(window,document);
//# sourceURL=https://www.3lo.walbrzych.pl/wordpress/wp-includes/js/wp-embed.min.js
</script>

Jak co roku, w sobotę pracownicy,&nbsp; uczniowie i ich rodzice oraz&nbsp; mieszkańcy dzielnicy przyłączyli się do akcji mającej na celu zadbanie o czystość w pobliżu szkoły i na swojej dzielnicy. Udział w akcji poprzedziła prelekcja&nbsp; i warsztaty w ekopracowni związane z prawidłową segregacją śmieci. Powyższe działanie związane jest z realizacją&nbsp;&nbsp;zadań wynikających z programu „Ekopracownia – [&hellip;]
