{"version":"1.0","provider_name":"III Liceum Og\u00f3lnokszta\u0142c\u0105ce im. Miko\u0142aja Kopernika","provider_url":"https:\/\/www.3lo.walbrzych.pl\/wordpress","author_name":"Micha\u0142 Cetera","author_url":"https:\/\/www.3lo.walbrzych.pl\/wordpress\/author\/mcetera\/","title":"Nasze biathlonistki na S\u0142owenii - III Liceum Og\u00f3lnokszta\u0142c\u0105ce im. Miko\u0142aja Kopernika","type":"rich","width":600,"height":338,"html":"<blockquote class=\"wp-embedded-content\" data-secret=\"JuuvsfcoDW\"><a href=\"https:\/\/www.3lo.walbrzych.pl\/wordpress\/nasze-biathlonistki-na-slowenii\/\">Nasze biathlonistki na S\u0142owenii<\/a><\/blockquote><iframe sandbox=\"allow-scripts\" security=\"restricted\" src=\"https:\/\/www.3lo.walbrzych.pl\/wordpress\/nasze-biathlonistki-na-slowenii\/embed\/#?secret=JuuvsfcoDW\" width=\"600\" height=\"338\" title=\"&#8222;Nasze biathlonistki na S\u0142owenii&#8221; &#8212; III Liceum Og\u00f3lnokszta\u0142c\u0105ce im. Miko\u0142aja Kopernika\" data-secret=\"JuuvsfcoDW\" frameborder=\"0\" marginwidth=\"0\" marginheight=\"0\" scrolling=\"no\" class=\"wp-embedded-content\"><\/iframe><script>\n\/*! This file is auto-generated *\/\n!function(d,l){\"use strict\";l.querySelector&&d.addEventListener&&\"undefined\"!=typeof URL&&(d.wp=d.wp||{},d.wp.receiveEmbedMessage||(d.wp.receiveEmbedMessage=function(e){var t=e.data;if((t||t.secret||t.message||t.value)&&!\/[^a-zA-Z0-9]\/.test(t.secret)){for(var s,r,n,a=l.querySelectorAll('iframe[data-secret=\"'+t.secret+'\"]'),o=l.querySelectorAll('blockquote[data-secret=\"'+t.secret+'\"]'),c=new RegExp(\"^https?:$\",\"i\"),i=0;i<o.length;i++)o[i].style.display=\"none\";for(i=0;i<a.length;i++)s=a[i],e.source===s.contentWindow&&(s.removeAttribute(\"style\"),\"height\"===t.message?(1e3<(r=parseInt(t.value,10))?r=1e3:~~r<200&&(r=200),s.height=r):\"link\"===t.message&&(r=new URL(s.getAttribute(\"src\")),n=new URL(t.value),c.test(n.protocol))&&n.host===r.host&&l.activeElement===s&&(d.top.location.href=t.value))}},d.addEventListener(\"message\",d.wp.receiveEmbedMessage,!1),l.addEventListener(\"DOMContentLoaded\",function(){for(var e,t,s=l.querySelectorAll(\"iframe.wp-embedded-content\"),r=0;r<s.length;r++)(t=(e=s[r]).getAttribute(\"data-secret\"))||(t=Math.random().toString(36).substring(2,12),e.src+=\"#?secret=\"+t,e.setAttribute(\"data-secret\",t)),e.contentWindow.postMessage({message:\"ready\",secret:t},\"*\")},!1)))}(window,document);\n\/\/# sourceURL=https:\/\/www.3lo.walbrzych.pl\/wordpress\/wp-includes\/js\/wp-embed.min.js\n<\/script>\n","thumbnail_url":"https:\/\/www.3lo.walbrzych.pl\/wordpress\/wp-content\/uploads\/2022\/01\/272766427_2410947562369368_6902030199588288518_n.jpg","thumbnail_width":960,"thumbnail_height":640,"description":"Ferie feriami, ale my tutaj trzymamy kciuki za Juli\u0119 Tomasiak i Emili\u0119 Zasadn\u0105 z klasy 3d, kt\u00f3re jutro startuj\u0105 w Pucharze Polski w Ko\u015bcieliskuDziewczyny niedawno wr\u00f3ci\u0142y z zawod\u00f3w Pucharu IBU Junior w Poklljuce (S\u0142owenia), gdzie reprezentowa\u0142y nasz kraj. P\u00f3\u017aniej Emilka zosta\u0142a powo\u0142ana na Mistrzostwa Europy Junior\u00f3w, r\u00f3wnie\u017c na S\u0142owenii. 48483 komentarzeLubi\u0119 to!KomentarzUdost\u0119pnij"}

III Liceum Ogólnokształcące im. Mikołaja Kopernika

Michał Cetera

Nasze biathlonistki na Słowenii - III Liceum Ogólnokształcące im. Mikołaja Kopernika

<blockquote class="wp-embedded-content" data-secret="JuuvsfcoDW"><a href="https://www.3lo.walbrzych.pl/wordpress/nasze-biathlonistki-na-slowenii/">Nasze biathlonistki na Słowenii</a></blockquote><iframe sandbox="allow-scripts" security="restricted" src="https://www.3lo.walbrzych.pl/wordpress/nasze-biathlonistki-na-slowenii/embed/#?secret=JuuvsfcoDW" width="600" height="338" title="&#8222;Nasze biathlonistki na Słowenii&#8221; &#8212; III Liceum Ogólnokształcące im. Mikołaja Kopernika" data-secret="JuuvsfcoDW" frameborder="0" marginwidth="0" marginheight="0" scrolling="no" class="wp-embedded-content"></iframe><script>
/*! This file is auto-generated */
!function(d,l){"use strict";l.querySelector&&d.addEventListener&&"undefined"!=typeof URL&&(d.wp=d.wp||{},d.wp.receiveEmbedMessage||(d.wp.receiveEmbedMessage=function(e){var t=e.data;if((t||t.secret||t.message||t.value)&&!/[^a-zA-Z0-9]/.test(t.secret)){for(var s,r,n,a=l.querySelectorAll('iframe[data-secret="'+t.secret+'"]'),o=l.querySelectorAll('blockquote[data-secret="'+t.secret+'"]'),c=new RegExp("^https?:$","i"),i=0;i<o.length;i++)o[i].style.display="none";for(i=0;i<a.length;i++)s=a[i],e.source===s.contentWindow&&(s.removeAttribute("style"),"height"===t.message?(1e3<(r=parseInt(t.value,10))?r=1e3:~~r<200&&(r=200),s.height=r):"link"===t.message&&(r=new URL(s.getAttribute("src")),n=new URL(t.value),c.test(n.protocol))&&n.host===r.host&&l.activeElement===s&&(d.top.location.href=t.value))}},d.addEventListener("message",d.wp.receiveEmbedMessage,!1),l.addEventListener("DOMContentLoaded",function(){for(var e,t,s=l.querySelectorAll("iframe.wp-embedded-content"),r=0;r<s.length;r++)(t=(e=s[r]).getAttribute("data-secret"))||(t=Math.random().toString(36).substring(2,12),e.src+="#?secret="+t,e.setAttribute("data-secret",t)),e.contentWindow.postMessage({message:"ready",secret:t},"*")},!1)))}(window,document);
//# sourceURL=https://www.3lo.walbrzych.pl/wordpress/wp-includes/js/wp-embed.min.js
</script>

Ferie feriami, ale my tutaj trzymamy kciuki za Julię Tomasiak i Emilię Zasadną z klasy 3d, które jutro startują w Pucharze Polski w KościeliskuDziewczyny niedawno wróciły z zawodów Pucharu IBU Junior w Poklljuce (Słowenia), gdzie reprezentowały nasz kraj. Później Emilka została powołana na Mistrzostwa Europy Juniorów, również na Słowenii. 48483 komentarzeLubię to!KomentarzUdostępnij
