{"version":"1.0","provider_name":"III Liceum Og\u00f3lnokszta\u0142c\u0105ce im. Miko\u0142aja Kopernika","provider_url":"https:\/\/www.3lo.walbrzych.pl\/wordpress","author_name":"Tomasz Smejlis","author_url":"https:\/\/www.3lo.walbrzych.pl\/wordpress\/author\/tfox\/","title":"Nauczyciele - III Liceum Og\u00f3lnokszta\u0142c\u0105ce im. Miko\u0142aja Kopernika","type":"rich","width":600,"height":338,"html":"<blockquote class=\"wp-embedded-content\" data-secret=\"Trdel8FU4V\"><a href=\"https:\/\/www.3lo.walbrzych.pl\/wordpress\/nauczyciele\/\">Nauczyciele<\/a><\/blockquote><iframe sandbox=\"allow-scripts\" security=\"restricted\" src=\"https:\/\/www.3lo.walbrzych.pl\/wordpress\/nauczyciele\/embed\/#?secret=Trdel8FU4V\" width=\"600\" height=\"338\" title=\"&#8222;Nauczyciele&#8221; &#8212; III Liceum Og\u00f3lnokszta\u0142c\u0105ce im. Miko\u0142aja Kopernika\" data-secret=\"Trdel8FU4V\" frameborder=\"0\" marginwidth=\"0\" marginheight=\"0\" scrolling=\"no\" class=\"wp-embedded-content\"><\/iframe><script>\n\/*! This file is auto-generated *\/\n!function(d,l){\"use strict\";l.querySelector&&d.addEventListener&&\"undefined\"!=typeof URL&&(d.wp=d.wp||{},d.wp.receiveEmbedMessage||(d.wp.receiveEmbedMessage=function(e){var t=e.data;if((t||t.secret||t.message||t.value)&&!\/[^a-zA-Z0-9]\/.test(t.secret)){for(var s,r,n,a=l.querySelectorAll('iframe[data-secret=\"'+t.secret+'\"]'),o=l.querySelectorAll('blockquote[data-secret=\"'+t.secret+'\"]'),c=new RegExp(\"^https?:$\",\"i\"),i=0;i<o.length;i++)o[i].style.display=\"none\";for(i=0;i<a.length;i++)s=a[i],e.source===s.contentWindow&&(s.removeAttribute(\"style\"),\"height\"===t.message?(1e3<(r=parseInt(t.value,10))?r=1e3:~~r<200&&(r=200),s.height=r):\"link\"===t.message&&(r=new URL(s.getAttribute(\"src\")),n=new URL(t.value),c.test(n.protocol))&&n.host===r.host&&l.activeElement===s&&(d.top.location.href=t.value))}},d.addEventListener(\"message\",d.wp.receiveEmbedMessage,!1),l.addEventListener(\"DOMContentLoaded\",function(){for(var e,t,s=l.querySelectorAll(\"iframe.wp-embedded-content\"),r=0;r<s.length;r++)(t=(e=s[r]).getAttribute(\"data-secret\"))||(t=Math.random().toString(36).substring(2,12),e.src+=\"#?secret=\"+t,e.setAttribute(\"data-secret\",t)),e.contentWindow.postMessage({message:\"ready\",secret:t},\"*\")},!1)))}(window,document);\n\/\/# sourceURL=https:\/\/www.3lo.walbrzych.pl\/wordpress\/wp-includes\/js\/wp-embed.min.js\n<\/script>\n","description":"Dyrektor mgr in\u017c. Joanna Dominiak Wicedyrektor&nbsp; mgr Katarzyna Danych Kadra pedagogiczna J\u0119zyk polski mgr Sylwia B\u0142aszczyk mgr Emilia Molenda mgr Katarzyna Rutkowska dr Tomasz Smejlis mgr Marlena Solecka J\u0119zyk angielski mgr Marta Byzdra mgr Micha\u0142 Cetera mgr in\u017c. Jacek Florczak mgr Marzena Jerczy\u0144ska mgr Joanna Kami\u0144ska mgr Urszula Michalska mgr Joanna Warcaba J\u0119zyk niemiecki mgr [&hellip;]"}

III Liceum Ogólnokształcące im. Mikołaja Kopernika

Nauczyciele - III Liceum Ogólnokształcące im. Mikołaja Kopernika

<blockquote class="wp-embedded-content" data-secret="Trdel8FU4V"><a href="https://www.3lo.walbrzych.pl/wordpress/nauczyciele/">Nauczyciele</a></blockquote><iframe sandbox="allow-scripts" security="restricted" src="https://www.3lo.walbrzych.pl/wordpress/nauczyciele/embed/#?secret=Trdel8FU4V" width="600" height="338" title="&#8222;Nauczyciele&#8221; &#8212; III Liceum Ogólnokształcące im. Mikołaja Kopernika" data-secret="Trdel8FU4V" frameborder="0" marginwidth="0" marginheight="0" scrolling="no" class="wp-embedded-content"></iframe><script>
/*! This file is auto-generated */
!function(d,l){"use strict";l.querySelector&&d.addEventListener&&"undefined"!=typeof URL&&(d.wp=d.wp||{},d.wp.receiveEmbedMessage||(d.wp.receiveEmbedMessage=function(e){var t=e.data;if((t||t.secret||t.message||t.value)&&!/[^a-zA-Z0-9]/.test(t.secret)){for(var s,r,n,a=l.querySelectorAll('iframe[data-secret="'+t.secret+'"]'),o=l.querySelectorAll('blockquote[data-secret="'+t.secret+'"]'),c=new RegExp("^https?:$","i"),i=0;i<o.length;i++)o[i].style.display="none";for(i=0;i<a.length;i++)s=a[i],e.source===s.contentWindow&&(s.removeAttribute("style"),"height"===t.message?(1e3<(r=parseInt(t.value,10))?r=1e3:~~r<200&&(r=200),s.height=r):"link"===t.message&&(r=new URL(s.getAttribute("src")),n=new URL(t.value),c.test(n.protocol))&&n.host===r.host&&l.activeElement===s&&(d.top.location.href=t.value))}},d.addEventListener("message",d.wp.receiveEmbedMessage,!1),l.addEventListener("DOMContentLoaded",function(){for(var e,t,s=l.querySelectorAll("iframe.wp-embedded-content"),r=0;r<s.length;r++)(t=(e=s[r]).getAttribute("data-secret"))||(t=Math.random().toString(36).substring(2,12),e.src+="#?secret="+t,e.setAttribute("data-secret",t)),e.contentWindow.postMessage({message:"ready",secret:t},"*")},!1)))}(window,document);
//# sourceURL=https://www.3lo.walbrzych.pl/wordpress/wp-includes/js/wp-embed.min.js
</script>

Dyrektor mgr inż. Joanna Dominiak Wicedyrektor&nbsp; mgr Katarzyna Danych Kadra pedagogiczna Język polski mgr Sylwia Błaszczyk mgr Emilia Molenda mgr Katarzyna Rutkowska dr Tomasz Smejlis mgr Marlena Solecka Język angielski mgr Marta Byzdra mgr Michał Cetera mgr inż. Jacek Florczak mgr Marzena Jerczyńska mgr Joanna Kamińska mgr Urszula Michalska mgr Joanna Warcaba Język niemiecki mgr [&hellip;]
