{"version":"1.0","provider_name":"III Liceum Og\u00f3lnokszta\u0142c\u0105ce im. Miko\u0142aja Kopernika","provider_url":"https:\/\/www.3lo.walbrzych.pl\/wordpress","author_name":"Micha\u0142 Cetera","author_url":"https:\/\/www.3lo.walbrzych.pl\/wordpress\/author\/mcetera\/","title":"Pierwsze spotkanie DKK - III Liceum Og\u00f3lnokszta\u0142c\u0105ce im. Miko\u0142aja Kopernika","type":"rich","width":600,"height":338,"html":"<blockquote class=\"wp-embedded-content\" data-secret=\"l6PFsAIaFe\"><a href=\"https:\/\/www.3lo.walbrzych.pl\/wordpress\/pierwsze-spotkanie-dkk\/\">Pierwsze spotkanie DKK<\/a><\/blockquote><iframe sandbox=\"allow-scripts\" security=\"restricted\" src=\"https:\/\/www.3lo.walbrzych.pl\/wordpress\/pierwsze-spotkanie-dkk\/embed\/#?secret=l6PFsAIaFe\" width=\"600\" height=\"338\" title=\"&#8222;Pierwsze spotkanie DKK&#8221; &#8212; III Liceum Og\u00f3lnokszta\u0142c\u0105ce im. Miko\u0142aja Kopernika\" data-secret=\"l6PFsAIaFe\" frameborder=\"0\" marginwidth=\"0\" marginheight=\"0\" scrolling=\"no\" class=\"wp-embedded-content\"><\/iframe><script>\n\/*! This file is auto-generated *\/\n!function(d,l){\"use strict\";l.querySelector&&d.addEventListener&&\"undefined\"!=typeof URL&&(d.wp=d.wp||{},d.wp.receiveEmbedMessage||(d.wp.receiveEmbedMessage=function(e){var t=e.data;if((t||t.secret||t.message||t.value)&&!\/[^a-zA-Z0-9]\/.test(t.secret)){for(var s,r,n,a=l.querySelectorAll('iframe[data-secret=\"'+t.secret+'\"]'),o=l.querySelectorAll('blockquote[data-secret=\"'+t.secret+'\"]'),c=new RegExp(\"^https?:$\",\"i\"),i=0;i<o.length;i++)o[i].style.display=\"none\";for(i=0;i<a.length;i++)s=a[i],e.source===s.contentWindow&&(s.removeAttribute(\"style\"),\"height\"===t.message?(1e3<(r=parseInt(t.value,10))?r=1e3:~~r<200&&(r=200),s.height=r):\"link\"===t.message&&(r=new URL(s.getAttribute(\"src\")),n=new URL(t.value),c.test(n.protocol))&&n.host===r.host&&l.activeElement===s&&(d.top.location.href=t.value))}},d.addEventListener(\"message\",d.wp.receiveEmbedMessage,!1),l.addEventListener(\"DOMContentLoaded\",function(){for(var e,t,s=l.querySelectorAll(\"iframe.wp-embedded-content\"),r=0;r<s.length;r++)(t=(e=s[r]).getAttribute(\"data-secret\"))||(t=Math.random().toString(36).substring(2,12),e.src+=\"#?secret=\"+t,e.setAttribute(\"data-secret\",t)),e.contentWindow.postMessage({message:\"ready\",secret:t},\"*\")},!1)))}(window,document);\n\/\/# sourceURL=https:\/\/www.3lo.walbrzych.pl\/wordpress\/wp-includes\/js\/wp-embed.min.js\n<\/script>\n","thumbnail_url":"https:\/\/www.3lo.walbrzych.pl\/wordpress\/wp-content\/uploads\/2023\/09\/374460335_813009890825507_3543076575482323745_n.jpg","thumbnail_width":2048,"thumbnail_height":1536,"description":"15 wrze\u015bnia nasz szkolny Dyskusyjny Klub Ksi\u0105\u017cki spotka\u0142 si\u0119 po raz pierwszy aby poopowiada\u0107 o lekturach towarzysz\u0105cych nam podczas wakacji jak i tych co z wakacjami nam si\u0119 zawsze kojarz\u0105. Pojawi\u0142y si\u0119 takie tytu\u0142y jak &#8222;Kocia Kawiarnia&#8221; Anny Solyom, &#8222;Malibu p\u0142onie&#8221; Taylor Jenkins Reid, &#8222;Arystoteles i Dante odkrywaj\u0105 sekrety wszech\u015bwiata&#8221; Benjamina Alire Saens, &#8222;Wydziedziczeni&#8221; Ursuli [&hellip;]"}

III Liceum Ogólnokształcące im. Mikołaja Kopernika

Michał Cetera

Pierwsze spotkanie DKK - III Liceum Ogólnokształcące im. Mikołaja Kopernika

<blockquote class="wp-embedded-content" data-secret="l6PFsAIaFe"><a href="https://www.3lo.walbrzych.pl/wordpress/pierwsze-spotkanie-dkk/">Pierwsze spotkanie DKK</a></blockquote><iframe sandbox="allow-scripts" security="restricted" src="https://www.3lo.walbrzych.pl/wordpress/pierwsze-spotkanie-dkk/embed/#?secret=l6PFsAIaFe" width="600" height="338" title="&#8222;Pierwsze spotkanie DKK&#8221; &#8212; III Liceum Ogólnokształcące im. Mikołaja Kopernika" data-secret="l6PFsAIaFe" frameborder="0" marginwidth="0" marginheight="0" scrolling="no" class="wp-embedded-content"></iframe><script>
/*! This file is auto-generated */
!function(d,l){"use strict";l.querySelector&&d.addEventListener&&"undefined"!=typeof URL&&(d.wp=d.wp||{},d.wp.receiveEmbedMessage||(d.wp.receiveEmbedMessage=function(e){var t=e.data;if((t||t.secret||t.message||t.value)&&!/[^a-zA-Z0-9]/.test(t.secret)){for(var s,r,n,a=l.querySelectorAll('iframe[data-secret="'+t.secret+'"]'),o=l.querySelectorAll('blockquote[data-secret="'+t.secret+'"]'),c=new RegExp("^https?:$","i"),i=0;i<o.length;i++)o[i].style.display="none";for(i=0;i<a.length;i++)s=a[i],e.source===s.contentWindow&&(s.removeAttribute("style"),"height"===t.message?(1e3<(r=parseInt(t.value,10))?r=1e3:~~r<200&&(r=200),s.height=r):"link"===t.message&&(r=new URL(s.getAttribute("src")),n=new URL(t.value),c.test(n.protocol))&&n.host===r.host&&l.activeElement===s&&(d.top.location.href=t.value))}},d.addEventListener("message",d.wp.receiveEmbedMessage,!1),l.addEventListener("DOMContentLoaded",function(){for(var e,t,s=l.querySelectorAll("iframe.wp-embedded-content"),r=0;r<s.length;r++)(t=(e=s[r]).getAttribute("data-secret"))||(t=Math.random().toString(36).substring(2,12),e.src+="#?secret="+t,e.setAttribute("data-secret",t)),e.contentWindow.postMessage({message:"ready",secret:t},"*")},!1)))}(window,document);
//# sourceURL=https://www.3lo.walbrzych.pl/wordpress/wp-includes/js/wp-embed.min.js
</script>

15 września nasz szkolny Dyskusyjny Klub Książki spotkał się po raz pierwszy aby poopowiadać o lekturach towarzyszących nam podczas wakacji jak i tych co z wakacjami nam się zawsze kojarzą. Pojawiły się takie tytuły jak &#8222;Kocia Kawiarnia&#8221; Anny Solyom, &#8222;Malibu płonie&#8221; Taylor Jenkins Reid, &#8222;Arystoteles i Dante odkrywają sekrety wszechświata&#8221; Benjamina Alire Saens, &#8222;Wydziedziczeni&#8221; Ursuli [&hellip;]
