{"version":"1.0","provider_name":"III Liceum Og\u00f3lnokszta\u0142c\u0105ce im. Miko\u0142aja Kopernika","provider_url":"https:\/\/www.3lo.walbrzych.pl\/wordpress","author_name":"Micha\u0142 Cetera","author_url":"https:\/\/www.3lo.walbrzych.pl\/wordpress\/author\/mcetera\/","title":"Powitanie wiosny na Tr\u00f3jgarbie - III Liceum Og\u00f3lnokszta\u0142c\u0105ce im. Miko\u0142aja Kopernika","type":"rich","width":600,"height":338,"html":"<blockquote class=\"wp-embedded-content\" data-secret=\"pxq13V8PZx\"><a href=\"https:\/\/www.3lo.walbrzych.pl\/wordpress\/powitanie-wiosny-na-trojgarbie\/\">Powitanie wiosny na Tr\u00f3jgarbie<\/a><\/blockquote><iframe sandbox=\"allow-scripts\" security=\"restricted\" src=\"https:\/\/www.3lo.walbrzych.pl\/wordpress\/powitanie-wiosny-na-trojgarbie\/embed\/#?secret=pxq13V8PZx\" width=\"600\" height=\"338\" title=\"&#8222;Powitanie wiosny na Tr\u00f3jgarbie&#8221; &#8212; III Liceum Og\u00f3lnokszta\u0142c\u0105ce im. Miko\u0142aja Kopernika\" data-secret=\"pxq13V8PZx\" frameborder=\"0\" marginwidth=\"0\" marginheight=\"0\" scrolling=\"no\" class=\"wp-embedded-content\"><\/iframe><script>\n\/*! This file is auto-generated *\/\n!function(d,l){\"use strict\";l.querySelector&&d.addEventListener&&\"undefined\"!=typeof URL&&(d.wp=d.wp||{},d.wp.receiveEmbedMessage||(d.wp.receiveEmbedMessage=function(e){var t=e.data;if((t||t.secret||t.message||t.value)&&!\/[^a-zA-Z0-9]\/.test(t.secret)){for(var s,r,n,a=l.querySelectorAll('iframe[data-secret=\"'+t.secret+'\"]'),o=l.querySelectorAll('blockquote[data-secret=\"'+t.secret+'\"]'),c=new RegExp(\"^https?:$\",\"i\"),i=0;i<o.length;i++)o[i].style.display=\"none\";for(i=0;i<a.length;i++)s=a[i],e.source===s.contentWindow&&(s.removeAttribute(\"style\"),\"height\"===t.message?(1e3<(r=parseInt(t.value,10))?r=1e3:~~r<200&&(r=200),s.height=r):\"link\"===t.message&&(r=new URL(s.getAttribute(\"src\")),n=new URL(t.value),c.test(n.protocol))&&n.host===r.host&&l.activeElement===s&&(d.top.location.href=t.value))}},d.addEventListener(\"message\",d.wp.receiveEmbedMessage,!1),l.addEventListener(\"DOMContentLoaded\",function(){for(var e,t,s=l.querySelectorAll(\"iframe.wp-embedded-content\"),r=0;r<s.length;r++)(t=(e=s[r]).getAttribute(\"data-secret\"))||(t=Math.random().toString(36).substring(2,12),e.src+=\"#?secret=\"+t,e.setAttribute(\"data-secret\",t)),e.contentWindow.postMessage({message:\"ready\",secret:t},\"*\")},!1)))}(window,document);\n\/\/# sourceURL=https:\/\/www.3lo.walbrzych.pl\/wordpress\/wp-includes\/js\/wp-embed.min.js\n<\/script>\n","thumbnail_url":"https:\/\/www.3lo.walbrzych.pl\/wordpress\/wp-content\/uploads\/2019\/03\/IMG_20190323_112053420_HDR-768x1024.jpg","thumbnail_width":768,"thumbnail_height":1024,"description":"Po d\u0142ugiej zimowej przerwie w sobot\u0119 wyruszyli\u015bmy na powitanie wiosny. \u017b\u00f3\u0142tym szlakiem przeszli\u015bmy przez Dworzysko i Lubomin na Tr\u00f3jgarb aby podziwia\u0107 przepi\u0119kne widoki z wie\u017cy widokowej ( Che\u0142miec, Borowa, Wielka Sowa, G\u00f3ry Kamienne, Kotlina Jeleniog\u00f3rska, Rudawy Janowickie, Karkonosze ze \u015anie\u017ck\u0105). Pogoda i humor dopisa\u0142y wi\u0119c nasza wycieczka by\u0142a bardzo udana. Wszystkim bardzo dzi\u0119kujemy za wspania\u0142y [&hellip;]"}

III Liceum Ogólnokształcące im. Mikołaja Kopernika

Michał Cetera

Powitanie wiosny na Trójgarbie - III Liceum Ogólnokształcące im. Mikołaja Kopernika

<blockquote class="wp-embedded-content" data-secret="pxq13V8PZx"><a href="https://www.3lo.walbrzych.pl/wordpress/powitanie-wiosny-na-trojgarbie/">Powitanie wiosny na Trójgarbie</a></blockquote><iframe sandbox="allow-scripts" security="restricted" src="https://www.3lo.walbrzych.pl/wordpress/powitanie-wiosny-na-trojgarbie/embed/#?secret=pxq13V8PZx" width="600" height="338" title="&#8222;Powitanie wiosny na Trójgarbie&#8221; &#8212; III Liceum Ogólnokształcące im. Mikołaja Kopernika" data-secret="pxq13V8PZx" frameborder="0" marginwidth="0" marginheight="0" scrolling="no" class="wp-embedded-content"></iframe><script>
/*! This file is auto-generated */
!function(d,l){"use strict";l.querySelector&&d.addEventListener&&"undefined"!=typeof URL&&(d.wp=d.wp||{},d.wp.receiveEmbedMessage||(d.wp.receiveEmbedMessage=function(e){var t=e.data;if((t||t.secret||t.message||t.value)&&!/[^a-zA-Z0-9]/.test(t.secret)){for(var s,r,n,a=l.querySelectorAll('iframe[data-secret="'+t.secret+'"]'),o=l.querySelectorAll('blockquote[data-secret="'+t.secret+'"]'),c=new RegExp("^https?:$","i"),i=0;i<o.length;i++)o[i].style.display="none";for(i=0;i<a.length;i++)s=a[i],e.source===s.contentWindow&&(s.removeAttribute("style"),"height"===t.message?(1e3<(r=parseInt(t.value,10))?r=1e3:~~r<200&&(r=200),s.height=r):"link"===t.message&&(r=new URL(s.getAttribute("src")),n=new URL(t.value),c.test(n.protocol))&&n.host===r.host&&l.activeElement===s&&(d.top.location.href=t.value))}},d.addEventListener("message",d.wp.receiveEmbedMessage,!1),l.addEventListener("DOMContentLoaded",function(){for(var e,t,s=l.querySelectorAll("iframe.wp-embedded-content"),r=0;r<s.length;r++)(t=(e=s[r]).getAttribute("data-secret"))||(t=Math.random().toString(36).substring(2,12),e.src+="#?secret="+t,e.setAttribute("data-secret",t)),e.contentWindow.postMessage({message:"ready",secret:t},"*")},!1)))}(window,document);
//# sourceURL=https://www.3lo.walbrzych.pl/wordpress/wp-includes/js/wp-embed.min.js
</script>

Po długiej zimowej przerwie w sobotę wyruszyliśmy na powitanie wiosny. Żółtym szlakiem przeszliśmy przez Dworzysko i Lubomin na Trójgarb aby podziwiać przepiękne widoki z wieży widokowej ( Chełmiec, Borowa, Wielka Sowa, Góry Kamienne, Kotlina Jeleniogórska, Rudawy Janowickie, Karkonosze ze Śnieżką). Pogoda i humor dopisały więc nasza wycieczka była bardzo udana. Wszystkim bardzo dziękujemy za wspaniały [&hellip;]
