{"version":"1.0","provider_name":"III Liceum Og\u00f3lnokszta\u0142c\u0105ce im. Miko\u0142aja Kopernika","provider_url":"https:\/\/www.3lo.walbrzych.pl\/wordpress","author_name":"Tomasz Smejlis","author_url":"https:\/\/www.3lo.walbrzych.pl\/wordpress\/author\/tfox\/","title":"Talenciaki 2025 - III Liceum Og\u00f3lnokszta\u0142c\u0105ce im. Miko\u0142aja Kopernika","type":"rich","width":600,"height":338,"html":"<blockquote class=\"wp-embedded-content\" data-secret=\"zemYk8WfwA\"><a href=\"https:\/\/www.3lo.walbrzych.pl\/wordpress\/talenciaki-2025\/\">Talenciaki 2025<\/a><\/blockquote><iframe sandbox=\"allow-scripts\" security=\"restricted\" src=\"https:\/\/www.3lo.walbrzych.pl\/wordpress\/talenciaki-2025\/embed\/#?secret=zemYk8WfwA\" width=\"600\" height=\"338\" title=\"&#8222;Talenciaki 2025&#8221; &#8212; III Liceum Og\u00f3lnokszta\u0142c\u0105ce im. Miko\u0142aja Kopernika\" data-secret=\"zemYk8WfwA\" frameborder=\"0\" marginwidth=\"0\" marginheight=\"0\" scrolling=\"no\" class=\"wp-embedded-content\"><\/iframe><script>\n\/*! This file is auto-generated *\/\n!function(d,l){\"use strict\";l.querySelector&&d.addEventListener&&\"undefined\"!=typeof URL&&(d.wp=d.wp||{},d.wp.receiveEmbedMessage||(d.wp.receiveEmbedMessage=function(e){var t=e.data;if((t||t.secret||t.message||t.value)&&!\/[^a-zA-Z0-9]\/.test(t.secret)){for(var s,r,n,a=l.querySelectorAll('iframe[data-secret=\"'+t.secret+'\"]'),o=l.querySelectorAll('blockquote[data-secret=\"'+t.secret+'\"]'),c=new RegExp(\"^https?:$\",\"i\"),i=0;i<o.length;i++)o[i].style.display=\"none\";for(i=0;i<a.length;i++)s=a[i],e.source===s.contentWindow&&(s.removeAttribute(\"style\"),\"height\"===t.message?(1e3<(r=parseInt(t.value,10))?r=1e3:~~r<200&&(r=200),s.height=r):\"link\"===t.message&&(r=new URL(s.getAttribute(\"src\")),n=new URL(t.value),c.test(n.protocol))&&n.host===r.host&&l.activeElement===s&&(d.top.location.href=t.value))}},d.addEventListener(\"message\",d.wp.receiveEmbedMessage,!1),l.addEventListener(\"DOMContentLoaded\",function(){for(var e,t,s=l.querySelectorAll(\"iframe.wp-embedded-content\"),r=0;r<s.length;r++)(t=(e=s[r]).getAttribute(\"data-secret\"))||(t=Math.random().toString(36).substring(2,12),e.src+=\"#?secret=\"+t,e.setAttribute(\"data-secret\",t)),e.contentWindow.postMessage({message:\"ready\",secret:t},\"*\")},!1)))}(window,document);\n\/\/# sourceURL=https:\/\/www.3lo.walbrzych.pl\/wordpress\/wp-includes\/js\/wp-embed.min.js\n<\/script>\n","thumbnail_url":"https:\/\/www.3lo.walbrzych.pl\/wordpress\/wp-content\/uploads\/2025\/09\/Plakat-02.jpg","thumbnail_width":849,"thumbnail_height":1200,"description":"Drodzy Rodzice, Uczniowie i Nauczyciele! Po raz czwarty w\u0142\u0105czamy si\u0119 do akcji Lidla&nbsp;Talenciaki. W poprzednich edycjach uda\u0142o nam si\u0119 zebra\u0107 mn\u00f3stwo Talenciak\u00f3w, kt\u00f3re wystarczy\u0142y m.in. na: modele do nauki biologii, plansze do nauki biologii, zestaw do genetyki, pomoce do geometrii, pi\u0142ki do siatk\u00f3wki, zestawy kreatywne i plastyczne, gry, okr\u0105g\u0142e maty na zaj\u0119cia artystyczne.&nbsp; Bardzo prosimy [&hellip;]"}

III Liceum Ogólnokształcące im. Mikołaja Kopernika

Talenciaki 2025 - III Liceum Ogólnokształcące im. Mikołaja Kopernika

<blockquote class="wp-embedded-content" data-secret="zemYk8WfwA"><a href="https://www.3lo.walbrzych.pl/wordpress/talenciaki-2025/">Talenciaki 2025</a></blockquote><iframe sandbox="allow-scripts" security="restricted" src="https://www.3lo.walbrzych.pl/wordpress/talenciaki-2025/embed/#?secret=zemYk8WfwA" width="600" height="338" title="&#8222;Talenciaki 2025&#8221; &#8212; III Liceum Ogólnokształcące im. Mikołaja Kopernika" data-secret="zemYk8WfwA" frameborder="0" marginwidth="0" marginheight="0" scrolling="no" class="wp-embedded-content"></iframe><script>
/*! This file is auto-generated */
!function(d,l){"use strict";l.querySelector&&d.addEventListener&&"undefined"!=typeof URL&&(d.wp=d.wp||{},d.wp.receiveEmbedMessage||(d.wp.receiveEmbedMessage=function(e){var t=e.data;if((t||t.secret||t.message||t.value)&&!/[^a-zA-Z0-9]/.test(t.secret)){for(var s,r,n,a=l.querySelectorAll('iframe[data-secret="'+t.secret+'"]'),o=l.querySelectorAll('blockquote[data-secret="'+t.secret+'"]'),c=new RegExp("^https?:$","i"),i=0;i<o.length;i++)o[i].style.display="none";for(i=0;i<a.length;i++)s=a[i],e.source===s.contentWindow&&(s.removeAttribute("style"),"height"===t.message?(1e3<(r=parseInt(t.value,10))?r=1e3:~~r<200&&(r=200),s.height=r):"link"===t.message&&(r=new URL(s.getAttribute("src")),n=new URL(t.value),c.test(n.protocol))&&n.host===r.host&&l.activeElement===s&&(d.top.location.href=t.value))}},d.addEventListener("message",d.wp.receiveEmbedMessage,!1),l.addEventListener("DOMContentLoaded",function(){for(var e,t,s=l.querySelectorAll("iframe.wp-embedded-content"),r=0;r<s.length;r++)(t=(e=s[r]).getAttribute("data-secret"))||(t=Math.random().toString(36).substring(2,12),e.src+="#?secret="+t,e.setAttribute("data-secret",t)),e.contentWindow.postMessage({message:"ready",secret:t},"*")},!1)))}(window,document);
//# sourceURL=https://www.3lo.walbrzych.pl/wordpress/wp-includes/js/wp-embed.min.js
</script>

Drodzy Rodzice, Uczniowie i Nauczyciele! Po raz czwarty włączamy się do akcji Lidla&nbsp;Talenciaki. W poprzednich edycjach udało nam się zebrać mnóstwo Talenciaków, które wystarczyły m.in. na: modele do nauki biologii, plansze do nauki biologii, zestaw do genetyki, pomoce do geometrii, piłki do siatkówki, zestawy kreatywne i plastyczne, gry, okrągłe maty na zajęcia artystyczne.&nbsp; Bardzo prosimy [&hellip;]
