{"version":"1.0","provider_name":"III Liceum Og\u00f3lnokszta\u0142c\u0105ce im. Miko\u0142aja Kopernika","provider_url":"https:\/\/www.3lo.walbrzych.pl\/wordpress","author_name":"Micha\u0142 Cetera","author_url":"https:\/\/www.3lo.walbrzych.pl\/wordpress\/author\/mcetera\/","title":"Urodziny Ulicy Karkonoskiej - III Liceum Og\u00f3lnokszta\u0142c\u0105ce im. Miko\u0142aja Kopernika","type":"rich","width":600,"height":338,"html":"<blockquote class=\"wp-embedded-content\" data-secret=\"M2XXGIqoYJ\"><a href=\"https:\/\/www.3lo.walbrzych.pl\/wordpress\/urodziny-ulicy-karkonoskiej\/\">Urodziny Ulicy Karkonoskiej<\/a><\/blockquote><iframe sandbox=\"allow-scripts\" security=\"restricted\" src=\"https:\/\/www.3lo.walbrzych.pl\/wordpress\/urodziny-ulicy-karkonoskiej\/embed\/#?secret=M2XXGIqoYJ\" width=\"600\" height=\"338\" title=\"&#8222;Urodziny Ulicy Karkonoskiej&#8221; &#8212; III Liceum Og\u00f3lnokszta\u0142c\u0105ce im. Miko\u0142aja Kopernika\" data-secret=\"M2XXGIqoYJ\" frameborder=\"0\" marginwidth=\"0\" marginheight=\"0\" scrolling=\"no\" class=\"wp-embedded-content\"><\/iframe><script>\n\/*! This file is auto-generated *\/\n!function(d,l){\"use strict\";l.querySelector&&d.addEventListener&&\"undefined\"!=typeof URL&&(d.wp=d.wp||{},d.wp.receiveEmbedMessage||(d.wp.receiveEmbedMessage=function(e){var t=e.data;if((t||t.secret||t.message||t.value)&&!\/[^a-zA-Z0-9]\/.test(t.secret)){for(var s,r,n,a=l.querySelectorAll('iframe[data-secret=\"'+t.secret+'\"]'),o=l.querySelectorAll('blockquote[data-secret=\"'+t.secret+'\"]'),c=new RegExp(\"^https?:$\",\"i\"),i=0;i<o.length;i++)o[i].style.display=\"none\";for(i=0;i<a.length;i++)s=a[i],e.source===s.contentWindow&&(s.removeAttribute(\"style\"),\"height\"===t.message?(1e3<(r=parseInt(t.value,10))?r=1e3:~~r<200&&(r=200),s.height=r):\"link\"===t.message&&(r=new URL(s.getAttribute(\"src\")),n=new URL(t.value),c.test(n.protocol))&&n.host===r.host&&l.activeElement===s&&(d.top.location.href=t.value))}},d.addEventListener(\"message\",d.wp.receiveEmbedMessage,!1),l.addEventListener(\"DOMContentLoaded\",function(){for(var e,t,s=l.querySelectorAll(\"iframe.wp-embedded-content\"),r=0;r<s.length;r++)(t=(e=s[r]).getAttribute(\"data-secret\"))||(t=Math.random().toString(36).substring(2,12),e.src+=\"#?secret=\"+t,e.setAttribute(\"data-secret\",t)),e.contentWindow.postMessage({message:\"ready\",secret:t},\"*\")},!1)))}(window,document);\n\/\/# sourceURL=https:\/\/www.3lo.walbrzych.pl\/wordpress\/wp-includes\/js\/wp-embed.min.js\n<\/script>\n","thumbnail_url":"https:\/\/www.3lo.walbrzych.pl\/wordpress\/wp-content\/uploads\/2018\/06\/IMGP6167-1024x680.jpg","thumbnail_width":1024,"thumbnail_height":680,"description":"&nbsp; &nbsp; &nbsp; &nbsp; &nbsp; &nbsp; W sobot\u0119, 16.06 w naszym &#8222;szkolnym parku&#8221; odby\u0142a si\u0119 uroczysto\u015b\u0107 Urodzin Ulicy Karkonoskiej. Uroczysto\u015b\u0107 zosta\u0142a otwarta przez Prezydenta Miasta, doktora Romana Sze\u0142emeja. &nbsp; &nbsp; &nbsp; &nbsp; &nbsp; Przybyli miesza\u0144cy mieli okazj\u0119 wzi\u0105\u0107 udzia\u0142 m.in. w koncercie &#8222;D\u017awi\u0119ki z r\u0119ki&#8221; pod kierunkiem pana Tomasza Wozi\u0144skiego oraz wys\u0142ucha\u0107 wyst\u0119pu naszego szkolnego [&hellip;]"}

III Liceum Ogólnokształcące im. Mikołaja Kopernika

Michał Cetera

Urodziny Ulicy Karkonoskiej - III Liceum Ogólnokształcące im. Mikołaja Kopernika

<blockquote class="wp-embedded-content" data-secret="M2XXGIqoYJ"><a href="https://www.3lo.walbrzych.pl/wordpress/urodziny-ulicy-karkonoskiej/">Urodziny Ulicy Karkonoskiej</a></blockquote><iframe sandbox="allow-scripts" security="restricted" src="https://www.3lo.walbrzych.pl/wordpress/urodziny-ulicy-karkonoskiej/embed/#?secret=M2XXGIqoYJ" width="600" height="338" title="&#8222;Urodziny Ulicy Karkonoskiej&#8221; &#8212; III Liceum Ogólnokształcące im. Mikołaja Kopernika" data-secret="M2XXGIqoYJ" frameborder="0" marginwidth="0" marginheight="0" scrolling="no" class="wp-embedded-content"></iframe><script>
/*! This file is auto-generated */
!function(d,l){"use strict";l.querySelector&&d.addEventListener&&"undefined"!=typeof URL&&(d.wp=d.wp||{},d.wp.receiveEmbedMessage||(d.wp.receiveEmbedMessage=function(e){var t=e.data;if((t||t.secret||t.message||t.value)&&!/[^a-zA-Z0-9]/.test(t.secret)){for(var s,r,n,a=l.querySelectorAll('iframe[data-secret="'+t.secret+'"]'),o=l.querySelectorAll('blockquote[data-secret="'+t.secret+'"]'),c=new RegExp("^https?:$","i"),i=0;i<o.length;i++)o[i].style.display="none";for(i=0;i<a.length;i++)s=a[i],e.source===s.contentWindow&&(s.removeAttribute("style"),"height"===t.message?(1e3<(r=parseInt(t.value,10))?r=1e3:~~r<200&&(r=200),s.height=r):"link"===t.message&&(r=new URL(s.getAttribute("src")),n=new URL(t.value),c.test(n.protocol))&&n.host===r.host&&l.activeElement===s&&(d.top.location.href=t.value))}},d.addEventListener("message",d.wp.receiveEmbedMessage,!1),l.addEventListener("DOMContentLoaded",function(){for(var e,t,s=l.querySelectorAll("iframe.wp-embedded-content"),r=0;r<s.length;r++)(t=(e=s[r]).getAttribute("data-secret"))||(t=Math.random().toString(36).substring(2,12),e.src+="#?secret="+t,e.setAttribute("data-secret",t)),e.contentWindow.postMessage({message:"ready",secret:t},"*")},!1)))}(window,document);
//# sourceURL=https://www.3lo.walbrzych.pl/wordpress/wp-includes/js/wp-embed.min.js
</script>

&nbsp; &nbsp; &nbsp; &nbsp; &nbsp; &nbsp; W sobotę, 16.06 w naszym &#8222;szkolnym parku&#8221; odbyła się uroczystość Urodzin Ulicy Karkonoskiej. Uroczystość została otwarta przez Prezydenta Miasta, doktora Romana Szełemeja. &nbsp; &nbsp; &nbsp; &nbsp; &nbsp; Przybyli mieszańcy mieli okazję wziąć udział m.in. w koncercie &#8222;Dźwięki z ręki&#8221; pod kierunkiem pana Tomasza Wozińskiego oraz wysłuchać występu naszego szkolnego [&hellip;]
