{"version":"1.0","provider_name":"III Liceum Og\u00f3lnokszta\u0142c\u0105ce im. Miko\u0142aja Kopernika","provider_url":"https:\/\/www.3lo.walbrzych.pl\/wordpress","author_name":"Tomasz Smejlis","author_url":"https:\/\/www.3lo.walbrzych.pl\/wordpress\/author\/tfox\/","title":"Wyr\u00f3\u017cnienie dla Ch\u00f3ru Szkolnego ZS nr 3 - III Liceum Og\u00f3lnokszta\u0142c\u0105ce im. Miko\u0142aja Kopernika","type":"rich","width":600,"height":338,"html":"<blockquote class=\"wp-embedded-content\" data-secret=\"DIvWe2Gsdo\"><a href=\"https:\/\/www.3lo.walbrzych.pl\/wordpress\/wyroznienie-dla-choru-szkolnego-zs-nr-3\/\">Wyr\u00f3\u017cnienie dla Ch\u00f3ru Szkolnego ZS nr 3<\/a><\/blockquote><iframe sandbox=\"allow-scripts\" security=\"restricted\" src=\"https:\/\/www.3lo.walbrzych.pl\/wordpress\/wyroznienie-dla-choru-szkolnego-zs-nr-3\/embed\/#?secret=DIvWe2Gsdo\" width=\"600\" height=\"338\" title=\"&#8222;Wyr\u00f3\u017cnienie dla Ch\u00f3ru Szkolnego ZS nr 3&#8221; &#8212; III Liceum Og\u00f3lnokszta\u0142c\u0105ce im. Miko\u0142aja Kopernika\" data-secret=\"DIvWe2Gsdo\" frameborder=\"0\" marginwidth=\"0\" marginheight=\"0\" scrolling=\"no\" class=\"wp-embedded-content\"><\/iframe><script>\n\/*! This file is auto-generated *\/\n!function(d,l){\"use strict\";l.querySelector&&d.addEventListener&&\"undefined\"!=typeof URL&&(d.wp=d.wp||{},d.wp.receiveEmbedMessage||(d.wp.receiveEmbedMessage=function(e){var t=e.data;if((t||t.secret||t.message||t.value)&&!\/[^a-zA-Z0-9]\/.test(t.secret)){for(var s,r,n,a=l.querySelectorAll('iframe[data-secret=\"'+t.secret+'\"]'),o=l.querySelectorAll('blockquote[data-secret=\"'+t.secret+'\"]'),c=new RegExp(\"^https?:$\",\"i\"),i=0;i<o.length;i++)o[i].style.display=\"none\";for(i=0;i<a.length;i++)s=a[i],e.source===s.contentWindow&&(s.removeAttribute(\"style\"),\"height\"===t.message?(1e3<(r=parseInt(t.value,10))?r=1e3:~~r<200&&(r=200),s.height=r):\"link\"===t.message&&(r=new URL(s.getAttribute(\"src\")),n=new URL(t.value),c.test(n.protocol))&&n.host===r.host&&l.activeElement===s&&(d.top.location.href=t.value))}},d.addEventListener(\"message\",d.wp.receiveEmbedMessage,!1),l.addEventListener(\"DOMContentLoaded\",function(){for(var e,t,s=l.querySelectorAll(\"iframe.wp-embedded-content\"),r=0;r<s.length;r++)(t=(e=s[r]).getAttribute(\"data-secret\"))||(t=Math.random().toString(36).substring(2,12),e.src+=\"#?secret=\"+t,e.setAttribute(\"data-secret\",t)),e.contentWindow.postMessage({message:\"ready\",secret:t},\"*\")},!1)))}(window,document);\n\/\/# sourceURL=https:\/\/www.3lo.walbrzych.pl\/wordpress\/wp-includes\/js\/wp-embed.min.js\n<\/script>\n","thumbnail_url":"https:\/\/www.3lo.walbrzych.pl\/wordpress\/wp-content\/uploads\/2018\/04\/IMG_20180406_100552-1024x768.jpg","thumbnail_width":1024,"thumbnail_height":768,"description":"W pi\u0105tek 6.04.2018 w Miejsko\u2013Gminnym O\u015brodku Kultury odby\u0142 si\u0119 XXII Wojew\u00f3dzki Festiwal Piosenki Mi\u0119dzynarodowej, zorganizowany przez I L.O. im. Powsta\u0144c\u00f3w \u015al\u0105skich w Bystrzycy K\u0142odzkiej. W konkursie rywalizowa\u0142o 22 uczni\u00f3w szk\u00f3\u0142 ponadgimnazjalnych z wojew\u00f3dztwa dolno\u015bl\u0105skiego. Nasz\u0105 szko\u0142\u0119 reprezentowali: Nikola Garbacz z kl. II C z piosenk\u0105 w j. hiszpa\u0144skim pt.\u201dSoy Mi Mejor Momento\u201d, Natalia K\u0142api\u0144ska z [&hellip;]"}

III Liceum Ogólnokształcące im. Mikołaja Kopernika

Wyróżnienie dla Chóru Szkolnego ZS nr 3 - III Liceum Ogólnokształcące im. Mikołaja Kopernika

<blockquote class="wp-embedded-content" data-secret="DIvWe2Gsdo"><a href="https://www.3lo.walbrzych.pl/wordpress/wyroznienie-dla-choru-szkolnego-zs-nr-3/">Wyróżnienie dla Chóru Szkolnego ZS nr 3</a></blockquote><iframe sandbox="allow-scripts" security="restricted" src="https://www.3lo.walbrzych.pl/wordpress/wyroznienie-dla-choru-szkolnego-zs-nr-3/embed/#?secret=DIvWe2Gsdo" width="600" height="338" title="&#8222;Wyróżnienie dla Chóru Szkolnego ZS nr 3&#8221; &#8212; III Liceum Ogólnokształcące im. Mikołaja Kopernika" data-secret="DIvWe2Gsdo" frameborder="0" marginwidth="0" marginheight="0" scrolling="no" class="wp-embedded-content"></iframe><script>
/*! This file is auto-generated */
!function(d,l){"use strict";l.querySelector&&d.addEventListener&&"undefined"!=typeof URL&&(d.wp=d.wp||{},d.wp.receiveEmbedMessage||(d.wp.receiveEmbedMessage=function(e){var t=e.data;if((t||t.secret||t.message||t.value)&&!/[^a-zA-Z0-9]/.test(t.secret)){for(var s,r,n,a=l.querySelectorAll('iframe[data-secret="'+t.secret+'"]'),o=l.querySelectorAll('blockquote[data-secret="'+t.secret+'"]'),c=new RegExp("^https?:$","i"),i=0;i<o.length;i++)o[i].style.display="none";for(i=0;i<a.length;i++)s=a[i],e.source===s.contentWindow&&(s.removeAttribute("style"),"height"===t.message?(1e3<(r=parseInt(t.value,10))?r=1e3:~~r<200&&(r=200),s.height=r):"link"===t.message&&(r=new URL(s.getAttribute("src")),n=new URL(t.value),c.test(n.protocol))&&n.host===r.host&&l.activeElement===s&&(d.top.location.href=t.value))}},d.addEventListener("message",d.wp.receiveEmbedMessage,!1),l.addEventListener("DOMContentLoaded",function(){for(var e,t,s=l.querySelectorAll("iframe.wp-embedded-content"),r=0;r<s.length;r++)(t=(e=s[r]).getAttribute("data-secret"))||(t=Math.random().toString(36).substring(2,12),e.src+="#?secret="+t,e.setAttribute("data-secret",t)),e.contentWindow.postMessage({message:"ready",secret:t},"*")},!1)))}(window,document);
//# sourceURL=https://www.3lo.walbrzych.pl/wordpress/wp-includes/js/wp-embed.min.js
</script>

W piątek 6.04.2018 w Miejsko–Gminnym Ośrodku Kultury odbył się XXII Wojewódzki Festiwal Piosenki Międzynarodowej, zorganizowany przez I L.O. im. Powstańców Śląskich w Bystrzycy Kłodzkiej. W konkursie rywalizowało 22 uczniów szkół ponadgimnazjalnych z województwa dolnośląskiego. Naszą szkołę reprezentowali: Nikola Garbacz z kl. II C z piosenką w j. hiszpańskim pt.”Soy Mi Mejor Momento”, Natalia Kłapińska z [&hellip;]
