{"id":415,"date":"2015-09-10T00:43:52","date_gmt":"2015-09-09T22:43:52","guid":{"rendered":"http:\/\/www.3lo.walbrzych.pl\/wordpress\/?page_id=415"},"modified":"2026-09-03T16:04:14","modified_gmt":"2026-09-03T14:04:14","slug":"wychowawcy","status":"publish","type":"page","link":"https:\/\/www.3lo.walbrzych.pl\/wordpress\/wychowawcy\/","title":{"rendered":"Wychowawcy"},"content":{"rendered":"<p><strong>Rok szkolny 2026\/2027<\/strong><\/p>\n<p><strong>1a &#8211;\u00a0<\/strong>Jolanta Bali\u0144ska<\/p>\n<p><strong>1b-\u00a0<\/strong>Angelika Skibi\u0144ska<\/p>\n<p><strong>1c-\u00a0<\/strong>Renata Niemiec<\/p>\n<p><strong>1d-\u00a0<\/strong>Daniel Guzik<\/p>\n<p><strong>1bd &#8211;\u00a0<\/strong>Maciej Le\u0144ski<\/p>\n<p><strong>1f &#8211;\u00a0<\/strong>Barbara Tarasek<\/p>\n<p><strong>2a &#8211; <\/strong>Joanna Warcaba<\/p>\n<p><strong>2b &#8211; <\/strong>Joanna Kami\u0144ska<\/p>\n<p><strong>2bh &#8211; <\/strong>Joanna Oleksy-Obuchowska<\/p>\n<p><strong>2c &#8211; <\/strong>Izabela Tymiak<\/p>\n<p><strong>2d &#8211; <\/strong>Micha\u0142 Gadzi\u0144ski<\/p>\n<p><strong>3a <\/strong>&#8211; Katarzyna Rutkowska<\/p>\n<p><strong>3b<\/strong> &#8211; Marta Byzdra<\/p>\n<p><strong>3c <\/strong>&#8211; Tomasz Smejlis<\/p>\n<p><strong>4a<\/strong> &#8211; Sylwia Cieloszyk<\/p>\n<p><strong>4b<\/strong> &#8211; Ma\u0142gorzata Rolka<\/p>\n<p><strong>4c<\/strong> &#8211; Micha\u0142 Cetera<\/p>\n<p><strong>4d <\/strong>&#8211;\u00a0Sylwia B\u0142aszczyk<\/p>\n<p><strong>4e<\/strong> &#8211; Beata Kasperek<\/p>\n<p><strong>4f<\/strong> &#8211; Beata Bartusik<\/p>\n\n\n<p class=\"wp-block-paragraph\"><\/p>\n","protected":false},"excerpt":{"rendered":"<p>Rok szkolny 2026\/2027 1a &#8211;\u00a0Jolanta Bali\u0144ska 1b-\u00a0Angelika Skibi\u0144ska 1c-\u00a0Renata Niemiec 1d-\u00a0Daniel Guzik 1bd &#8211;\u00a0Maciej Le\u0144ski 1f &#8211;\u00a0Barbara Tarasek 2a &#8211; Joanna Warcaba 2b &#8211; Joanna Kami\u0144ska 2bh &#8211; Joanna Oleksy-Obuchowska 2c &#8211; Izabela Tymiak 2d &#8211; Micha\u0142 Gadzi\u0144ski 3a &#8211; Katarzyna Rutkowska 3b &#8211; Marta Byzdra 3c &#8211; Tomasz Smejlis 4a &#8211; Sylwia Cieloszyk 4b [&hellip;]<\/p>\n","protected":false},"author":4,"featured_media":0,"parent":0,"menu_order":0,"comment_status":"open","ping_status":"open","template":"","meta":{"footnotes":""},"class_list":["post-415","page","type-page","status-publish","hentry"],"yoast_head":"<!-- This site is optimized with the Yoast SEO plugin v28.4 - https:\/\/yoast.com\/product\/yoast-seo-wordpress\/ -->\n<title>Wychowawcy - III Liceum Og\u00f3lnokszta\u0142c\u0105ce im. Miko\u0142aja Kopernika<\/title>\n<meta name=\"robots\" content=\"index, follow, max-snippet:-1, max-image-preview:large, max-video-preview:-1\" \/>\n<link rel=\"canonical\" href=\"https:\/\/www.3lo.walbrzych.pl\/wordpress\/wychowawcy\/\" \/>\n<meta property=\"og:locale\" content=\"pl_PL\" \/>\n<meta property=\"og:type\" content=\"article\" \/>\n<meta property=\"og:title\" content=\"Wychowawcy - III Liceum Og\u00f3lnokszta\u0142c\u0105ce im. Miko\u0142aja Kopernika\" \/>\n<meta property=\"og:description\" content=\"Rok szkolny 2026\/2027 1a &#8211;\u00a0Jolanta Bali\u0144ska 1b-\u00a0Angelika Skibi\u0144ska 1c-\u00a0Renata Niemiec 1d-\u00a0Daniel Guzik 1bd &#8211;\u00a0Maciej Le\u0144ski 1f &#8211;\u00a0Barbara Tarasek 2a &#8211; Joanna Warcaba 2b &#8211; Joanna Kami\u0144ska 2bh &#8211; Joanna Oleksy-Obuchowska 2c &#8211; Izabela Tymiak 2d &#8211; Micha\u0142 Gadzi\u0144ski 3a &#8211; Katarzyna Rutkowska 3b &#8211; Marta Byzdra 3c &#8211; Tomasz Smejlis 4a &#8211; Sylwia Cieloszyk 4b [&hellip;]\" \/>\n<meta property=\"og:url\" content=\"https:\/\/www.3lo.walbrzych.pl\/wordpress\/wychowawcy\/\" \/>\n<meta property=\"og:site_name\" content=\"III Liceum Og\u00f3lnokszta\u0142c\u0105ce im. Miko\u0142aja Kopernika\" \/>\n<meta property=\"article:modified_time\" content=\"2026-09-03T14:04:14+00:00\" \/>\n<meta name=\"twitter:card\" content=\"summary_large_image\" \/>\n<meta name=\"twitter:label1\" content=\"Szacowany czas czytania\" \/>\n\t<meta name=\"twitter:data1\" content=\"1 minuta\" \/>\n<script type=\"application\/ld+json\" class=\"yoast-schema-graph\">{\"@context\":\"https:\\\/\\\/schema.org\",\"@graph\":[{\"@type\":\"WebPage\",\"@id\":\"https:\\\/\\\/www.3lo.walbrzych.pl\\\/wordpress\\\/wychowawcy\\\/\",\"url\":\"https:\\\/\\\/www.3lo.walbrzych.pl\\\/wordpress\\\/wychowawcy\\\/\",\"name\":\"Wychowawcy - III Liceum Og\u00f3lnokszta\u0142c\u0105ce im. Miko\u0142aja Kopernika\",\"isPartOf\":{\"@id\":\"https:\\\/\\\/www.3lo.walbrzych.pl\\\/wordpress\\\/#website\"},\"datePublished\":\"2015-09-09T22:43:52+00:00\",\"dateModified\":\"2026-09-03T14:04:14+00:00\",\"breadcrumb\":{\"@id\":\"https:\\\/\\\/www.3lo.walbrzych.pl\\\/wordpress\\\/wychowawcy\\\/#breadcrumb\"},\"inLanguage\":\"pl-PL\",\"potentialAction\":[{\"@type\":\"ReadAction\",\"target\":[\"https:\\\/\\\/www.3lo.walbrzych.pl\\\/wordpress\\\/wychowawcy\\\/\"]}]},{\"@type\":\"BreadcrumbList\",\"@id\":\"https:\\\/\\\/www.3lo.walbrzych.pl\\\/wordpress\\\/wychowawcy\\\/#breadcrumb\",\"itemListElement\":[{\"@type\":\"ListItem\",\"position\":1,\"name\":\"Strona g\u0142\u00f3wna\",\"item\":\"https:\\\/\\\/www.3lo.walbrzych.pl\\\/wordpress\\\/\"},{\"@type\":\"ListItem\",\"position\":2,\"name\":\"Wychowawcy\"}]},{\"@type\":\"WebSite\",\"@id\":\"https:\\\/\\\/www.3lo.walbrzych.pl\\\/wordpress\\\/#website\",\"url\":\"https:\\\/\\\/www.3lo.walbrzych.pl\\\/wordpress\\\/\",\"name\":\"III Liceum Og\u00f3lnokszta\u0142c\u0105ce im. Miko\u0142aja Kopernika\",\"description\":\"\",\"publisher\":{\"@id\":\"https:\\\/\\\/www.3lo.walbrzych.pl\\\/wordpress\\\/#organization\"},\"potentialAction\":[{\"@type\":\"SearchAction\",\"target\":{\"@type\":\"EntryPoint\",\"urlTemplate\":\"https:\\\/\\\/www.3lo.walbrzych.pl\\\/wordpress\\\/?s={search_term_string}\"},\"query-input\":{\"@type\":\"PropertyValueSpecification\",\"valueRequired\":true,\"valueName\":\"search_term_string\"}}],\"inLanguage\":\"pl-PL\"},{\"@type\":\"Organization\",\"@id\":\"https:\\\/\\\/www.3lo.walbrzych.pl\\\/wordpress\\\/#organization\",\"name\":\"III Liceum Og\u00f3lnokszta\u0142c\u0105ce im. Miko\u0142aja Kopernika\",\"url\":\"https:\\\/\\\/www.3lo.walbrzych.pl\\\/wordpress\\\/\",\"logo\":{\"@type\":\"ImageObject\",\"inLanguage\":\"pl-PL\",\"@id\":\"https:\\\/\\\/www.3lo.walbrzych.pl\\\/wordpress\\\/#\\\/schema\\\/logo\\\/image\\\/\",\"url\":\"https:\\\/\\\/www.3lo.walbrzych.pl\\\/wordpress\\\/wp-content\\\/uploads\\\/2025\\\/09\\\/logo-szkoly-scaled.jpg\",\"contentUrl\":\"https:\\\/\\\/www.3lo.walbrzych.pl\\\/wordpress\\\/wp-content\\\/uploads\\\/2025\\\/09\\\/logo-szkoly-scaled.jpg\",\"width\":2560,\"height\":914,\"caption\":\"III Liceum Og\u00f3lnokszta\u0142c\u0105ce im. Miko\u0142aja Kopernika\"},\"image\":{\"@id\":\"https:\\\/\\\/www.3lo.walbrzych.pl\\\/wordpress\\\/#\\\/schema\\\/logo\\\/image\\\/\"}}]}<\/script>\n<!-- \/ Yoast SEO plugin. -->","yoast_head_json":{"title":"Wychowawcy - III Liceum Og\u00f3lnokszta\u0142c\u0105ce im. Miko\u0142aja Kopernika","robots":{"index":"index","follow":"follow","max-snippet":"max-snippet:-1","max-image-preview":"max-image-preview:large","max-video-preview":"max-video-preview:-1"},"canonical":"https:\/\/www.3lo.walbrzych.pl\/wordpress\/wychowawcy\/","og_locale":"pl_PL","og_type":"article","og_title":"Wychowawcy - III Liceum Og\u00f3lnokszta\u0142c\u0105ce im. Miko\u0142aja Kopernika","og_description":"Rok szkolny 2026\/2027 1a &#8211;\u00a0Jolanta Bali\u0144ska 1b-\u00a0Angelika Skibi\u0144ska 1c-\u00a0Renata Niemiec 1d-\u00a0Daniel Guzik 1bd &#8211;\u00a0Maciej Le\u0144ski 1f &#8211;\u00a0Barbara Tarasek 2a &#8211; Joanna Warcaba 2b &#8211; Joanna Kami\u0144ska 2bh &#8211; Joanna Oleksy-Obuchowska 2c &#8211; Izabela Tymiak 2d &#8211; Micha\u0142 Gadzi\u0144ski 3a &#8211; Katarzyna Rutkowska 3b &#8211; Marta Byzdra 3c &#8211; Tomasz Smejlis 4a &#8211; Sylwia Cieloszyk 4b [&hellip;]","og_url":"https:\/\/www.3lo.walbrzych.pl\/wordpress\/wychowawcy\/","og_site_name":"III Liceum Og\u00f3lnokszta\u0142c\u0105ce im. Miko\u0142aja Kopernika","article_modified_time":"2026-09-03T14:04:14+00:00","twitter_card":"summary_large_image","twitter_misc":{"Szacowany czas czytania":"1 minuta"},"schema":{"@context":"https:\/\/schema.org","@graph":[{"@type":"WebPage","@id":"https:\/\/www.3lo.walbrzych.pl\/wordpress\/wychowawcy\/","url":"https:\/\/www.3lo.walbrzych.pl\/wordpress\/wychowawcy\/","name":"Wychowawcy - III Liceum Og\u00f3lnokszta\u0142c\u0105ce im. Miko\u0142aja Kopernika","isPartOf":{"@id":"https:\/\/www.3lo.walbrzych.pl\/wordpress\/#website"},"datePublished":"2015-09-09T22:43:52+00:00","dateModified":"2026-09-03T14:04:14+00:00","breadcrumb":{"@id":"https:\/\/www.3lo.walbrzych.pl\/wordpress\/wychowawcy\/#breadcrumb"},"inLanguage":"pl-PL","potentialAction":[{"@type":"ReadAction","target":["https:\/\/www.3lo.walbrzych.pl\/wordpress\/wychowawcy\/"]}]},{"@type":"BreadcrumbList","@id":"https:\/\/www.3lo.walbrzych.pl\/wordpress\/wychowawcy\/#breadcrumb","itemListElement":[{"@type":"ListItem","position":1,"name":"Strona g\u0142\u00f3wna","item":"https:\/\/www.3lo.walbrzych.pl\/wordpress\/"},{"@type":"ListItem","position":2,"name":"Wychowawcy"}]},{"@type":"WebSite","@id":"https:\/\/www.3lo.walbrzych.pl\/wordpress\/#website","url":"https:\/\/www.3lo.walbrzych.pl\/wordpress\/","name":"III Liceum Og\u00f3lnokszta\u0142c\u0105ce im. Miko\u0142aja Kopernika","description":"","publisher":{"@id":"https:\/\/www.3lo.walbrzych.pl\/wordpress\/#organization"},"potentialAction":[{"@type":"SearchAction","target":{"@type":"EntryPoint","urlTemplate":"https:\/\/www.3lo.walbrzych.pl\/wordpress\/?s={search_term_string}"},"query-input":{"@type":"PropertyValueSpecification","valueRequired":true,"valueName":"search_term_string"}}],"inLanguage":"pl-PL"},{"@type":"Organization","@id":"https:\/\/www.3lo.walbrzych.pl\/wordpress\/#organization","name":"III Liceum Og\u00f3lnokszta\u0142c\u0105ce im. Miko\u0142aja Kopernika","url":"https:\/\/www.3lo.walbrzych.pl\/wordpress\/","logo":{"@type":"ImageObject","inLanguage":"pl-PL","@id":"https:\/\/www.3lo.walbrzych.pl\/wordpress\/#\/schema\/logo\/image\/","url":"https:\/\/www.3lo.walbrzych.pl\/wordpress\/wp-content\/uploads\/2025\/09\/logo-szkoly-scaled.jpg","contentUrl":"https:\/\/www.3lo.walbrzych.pl\/wordpress\/wp-content\/uploads\/2025\/09\/logo-szkoly-scaled.jpg","width":2560,"height":914,"caption":"III Liceum Og\u00f3lnokszta\u0142c\u0105ce im. Miko\u0142aja Kopernika"},"image":{"@id":"https:\/\/www.3lo.walbrzych.pl\/wordpress\/#\/schema\/logo\/image\/"}}]}},"_links":{"self":[{"href":"https:\/\/www.3lo.walbrzych.pl\/wordpress\/wp-json\/wp\/v2\/pages\/415","targetHints":{"allow":["GET"]}}],"collection":[{"href":"https:\/\/www.3lo.walbrzych.pl\/wordpress\/wp-json\/wp\/v2\/pages"}],"about":[{"href":"https:\/\/www.3lo.walbrzych.pl\/wordpress\/wp-json\/wp\/v2\/types\/page"}],"author":[{"embeddable":true,"href":"https:\/\/www.3lo.walbrzych.pl\/wordpress\/wp-json\/wp\/v2\/users\/4"}],"replies":[{"embeddable":true,"href":"https:\/\/www.3lo.walbrzych.pl\/wordpress\/wp-json\/wp\/v2\/comments?post=415"}],"version-history":[{"count":18,"href":"https:\/\/www.3lo.walbrzych.pl\/wordpress\/wp-json\/wp\/v2\/pages\/415\/revisions"}],"predecessor-version":[{"id":8613,"href":"https:\/\/www.3lo.walbrzych.pl\/wordpress\/wp-json\/wp\/v2\/pages\/415\/revisions\/8613"}],"wp:attachment":[{"href":"https:\/\/www.3lo.walbrzych.pl\/wordpress\/wp-json\/wp\/v2\/media?parent=415"}],"curies":[{"name":"wp","href":"https:\/\/api.w.org\/{rel}","templated":true}]}}

<p><strong>Rok szkolny 2026/2027</strong></p>
<p><strong>1a &#8211; </strong>Jolanta Balińska</p>
<p><strong>1b- </strong>Angelika Skibińska</p>
<p><strong>1c- </strong>Renata Niemiec</p>
<p><strong>1d- </strong>Daniel Guzik</p>
<p><strong>1bd &#8211; </strong>Maciej Leński</p>
<p><strong>1f &#8211; </strong>Barbara Tarasek</p>
<p><strong>2a &#8211; </strong>Joanna Warcaba</p>
<p><strong>2b &#8211; </strong>Joanna Kamińska</p>
<p><strong>2bh &#8211; </strong>Joanna Oleksy-Obuchowska</p>
<p><strong>2c &#8211; </strong>Izabela Tymiak</p>
<p><strong>2d &#8211; </strong>Michał Gadziński</p>
<p><strong>3a </strong>&#8211; Katarzyna Rutkowska</p>
<p><strong>3b</strong> &#8211; Marta Byzdra</p>
<p><strong>3c </strong>&#8211; Tomasz Smejlis</p>
<p><strong>4a</strong> &#8211; Sylwia Cieloszyk</p>
<p><strong>4b</strong> &#8211; Małgorzata Rolka</p>
<p><strong>4c</strong> &#8211; Michał Cetera</p>
<p><strong>4d </strong>&#8211; Sylwia Błaszczyk</p>
<p><strong>4e</strong> &#8211; Beata Kasperek</p>
<p><strong>4f</strong> &#8211; Beata Bartusik</p>


<p class="wp-block-paragraph"></p>

<p>Rok szkolny 2026/2027 1a &#8211; Jolanta Balińska 1b- Angelika Skibińska 1c- Renata Niemiec 1d- Daniel Guzik 1bd &#8211; Maciej Leński 1f &#8211; Barbara Tarasek 2a &#8211; Joanna Warcaba 2b &#8211; Joanna Kamińska 2bh &#8211; Joanna Oleksy-Obuchowska 2c &#8211; Izabela Tymiak 2d &#8211; Michał Gadziński 3a &#8211; Katarzyna Rutkowska 3b &#8211; Marta Byzdra 3c &#8211; Tomasz Smejlis 4a &#8211; Sylwia Cieloszyk 4b [&hellip;]</p>

<!-- This site is optimized with the Yoast SEO plugin v28.4 - https://yoast.com/product/yoast-seo-wordpress/ -->
<title>Wychowawcy - III Liceum Ogólnokształcące im. Mikołaja Kopernika</title>
<meta name="robots" content="index, follow, max-snippet:-1, max-image-preview:large, max-video-preview:-1" />
<link rel="canonical" href="https://www.3lo.walbrzych.pl/wordpress/wychowawcy/" />
<meta property="og:locale" content="pl_PL" />
<meta property="og:type" content="article" />
<meta property="og:title" content="Wychowawcy - III Liceum Ogólnokształcące im. Mikołaja Kopernika" />
<meta property="og:description" content="Rok szkolny 2026/2027 1a &#8211; Jolanta Balińska 1b- Angelika Skibińska 1c- Renata Niemiec 1d- Daniel Guzik 1bd &#8211; Maciej Leński 1f &#8211; Barbara Tarasek 2a &#8211; Joanna Warcaba 2b &#8211; Joanna Kamińska 2bh &#8211; Joanna Oleksy-Obuchowska 2c &#8211; Izabela Tymiak 2d &#8211; Michał Gadziński 3a &#8211; Katarzyna Rutkowska 3b &#8211; Marta Byzdra 3c &#8211; Tomasz Smejlis 4a &#8211; Sylwia Cieloszyk 4b [&hellip;]" />
<meta property="og:url" content="https://www.3lo.walbrzych.pl/wordpress/wychowawcy/" />
<meta property="og:site_name" content="III Liceum Ogólnokształcące im. Mikołaja Kopernika" />
<meta property="article:modified_time" content="2026-09-03T14:04:14+00:00" />
<meta name="twitter:card" content="summary_large_image" />
<meta name="twitter:label1" content="Szacowany czas czytania" />
	<meta name="twitter:data1" content="1 minuta" />
<script type="application/ld+json" class="yoast-schema-graph">{"@context":"https:\/\/schema.org","@graph":[{"@type":"WebPage","@id":"https:\/\/www.3lo.walbrzych.pl\/wordpress\/wychowawcy\/","url":"https:\/\/www.3lo.walbrzych.pl\/wordpress\/wychowawcy\/","name":"Wychowawcy - III Liceum Ogólnokształcące im. Mikołaja Kopernika","isPartOf":{"@id":"https:\/\/www.3lo.walbrzych.pl\/wordpress\/#website"},"datePublished":"2015-09-09T22:43:52+00:00","dateModified":"2026-09-03T14:04:14+00:00","breadcrumb":{"@id":"https:\/\/www.3lo.walbrzych.pl\/wordpress\/wychowawcy\/#breadcrumb"},"inLanguage":"pl-PL","potentialAction":[{"@type":"ReadAction","target":["https:\/\/www.3lo.walbrzych.pl\/wordpress\/wychowawcy\/"]}]},{"@type":"BreadcrumbList","@id":"https:\/\/www.3lo.walbrzych.pl\/wordpress\/wychowawcy\/#breadcrumb","itemListElement":[{"@type":"ListItem","position":1,"name":"Strona główna","item":"https:\/\/www.3lo.walbrzych.pl\/wordpress\/"},{"@type":"ListItem","position":2,"name":"Wychowawcy"}]},{"@type":"WebSite","@id":"https:\/\/www.3lo.walbrzych.pl\/wordpress\/#website","url":"https:\/\/www.3lo.walbrzych.pl\/wordpress\/","name":"III Liceum Ogólnokształcące im. Mikołaja Kopernika","description":"","publisher":{"@id":"https:\/\/www.3lo.walbrzych.pl\/wordpress\/#organization"},"potentialAction":[{"@type":"SearchAction","target":{"@type":"EntryPoint","urlTemplate":"https:\/\/www.3lo.walbrzych.pl\/wordpress\/?s={search_term_string}"},"query-input":{"@type":"PropertyValueSpecification","valueRequired":true,"valueName":"search_term_string"}}],"inLanguage":"pl-PL"},{"@type":"Organization","@id":"https:\/\/www.3lo.walbrzych.pl\/wordpress\/#organization","name":"III Liceum Ogólnokształcące im. Mikołaja Kopernika","url":"https:\/\/www.3lo.walbrzych.pl\/wordpress\/","logo":{"@type":"ImageObject","inLanguage":"pl-PL","@id":"https:\/\/www.3lo.walbrzych.pl\/wordpress\/#\/schema\/logo\/image\/","url":"https:\/\/www.3lo.walbrzych.pl\/wordpress\/wp-content\/uploads\/2025\/09\/logo-szkoly-scaled.jpg","contentUrl":"https:\/\/www.3lo.walbrzych.pl\/wordpress\/wp-content\/uploads\/2025\/09\/logo-szkoly-scaled.jpg","width":2560,"height":914,"caption":"III Liceum Ogólnokształcące im. Mikołaja Kopernika"},"image":{"@id":"https:\/\/www.3lo.walbrzych.pl\/wordpress\/#\/schema\/logo\/image\/"}}]}</script>
<!-- / Yoast SEO plugin. -->

Wychowawcy - III Liceum Ogólnokształcące im. Mikołaja Kopernika

Rok szkolny 2026/2027 1a &#8211; Jolanta Balińska 1b- Angelika Skibińska 1c- Renata Niemiec 1d- Daniel Guzik 1bd &#8211; Maciej Leński 1f &#8211; Barbara Tarasek 2a &#8211; Joanna Warcaba 2b &#8211; Joanna Kamińska 2bh &#8211; Joanna Oleksy-Obuchowska 2c &#8211; Izabela Tymiak 2d &#8211; Michał Gadziński 3a &#8211; Katarzyna Rutkowska 3b &#8211; Marta Byzdra 3c &#8211; Tomasz Smejlis 4a &#8211; Sylwia Cieloszyk 4b [&hellip;]

III Liceum Ogólnokształcące im. Mikołaja Kopernika

Strona główna
